{"id":7921,"date":"2026-04-05T17:17:58","date_gmt":"2026-04-05T15:17:58","guid":{"rendered":"https:\/\/claudemaillot.com\/?post_type=product&#038;p=7921"},"modified":"2026-04-05T18:44:38","modified_gmt":"2026-04-05T16:44:38","slug":"illustration-paille-en-queue-reunion-pointillisme","status":"publish","type":"product","link":"https:\/\/claudemaillot.com\/index.php\/product\/illustration-paille-en-queue-reunion-pointillisme\/","title":{"rendered":"Le Paille-en-Queue &#8211; Illustration \u00e0 l&rsquo;encre de Chine"},"content":{"rendered":"<h2>Le Paille-en-queue : L&rsquo;\u00c9l\u00e9gance en Plein Vol<\/h2>\n<p>A <strong>La R\u00e9union<\/strong>, le spectacle du <strong>Paille-en Queue<\/strong> est un spectacle dont on ne se lasse jamais.<\/p>\n<p>Symbole de libert\u00e9 et de puret\u00e9, cet oiseau marin est une source d&rsquo;inspiration sans fin. J&rsquo;ai voulu immortaliser ce moment de pure \u00e9l\u00e9gance, quand il se d\u00e9ploie ses ailes.<\/p>\n<p>Enti\u00e8rement r\u00e9alis\u00e9e \u00e0 l&rsquo;<strong>encre de Chine<\/strong>, cette illustration utilise la <strong>m\u00e9thode du pointillisme<\/strong>. La finesse de sa queue est mise en valeur ici.<\/p>\n<p>Ce dessin est une invitation \u00e0 l&rsquo;\u00e9vasion et \u00e0 la s\u00e9r\u00e9nit\u00e9. Gr\u00e2ce \u00e0 son design \u00e9pur\u00e9, il apportera une ambiance l\u00e9g\u00e8re et un souffle de libert\u00e9 nautique dans votre d\u00e9coration int\u00e9rieur.<\/p>\n<p>&nbsp;<\/p>\n","protected":false},"excerpt":{"rendered":"<p><span id=\"input-sentence~0\">La gr\u00e2ce a\u00e9rienne de <strong>La R\u00e9union<\/strong>.<\/span><\/p>\n<p><span id=\"input-sentence~0\"><\/span><span id=\"input-sentence~1\">Cette illustration du c\u00e9l\u00e8bre <strong>Paille-en-Queue<\/strong>, r\u00e9alis\u00e9e en <strong>pointillisme \u00e0 l&rsquo;encre de Chine<\/strong>, saisit la d\u00e9licatesse et l&rsquo;\u00e9l\u00e9gance de cet oiseau symbolique. <\/span><\/p>\n<p><span id=\"input-sentence~2\">Une cr\u00e9ation minimaliste pour un int\u00e9rieur inspirant.<\/span><\/p>\n<h3>Options d\u2019impression (vendues sans cadre)<\/h3>\n<p><strong>Petit &amp; moyen format<\/strong>\u00a0(20\u00d730 \/ 30\u00d740 cm) \u2014 Papier coton 350g\/m\u00b2 | L<em>ivr\u00e9 \u00e0 plat<\/em><\/p>\n<p><strong>Grand format<\/strong>\u00a0(40\u00d750 \/ 50\u00d770 cm) \u2014 Toile Canvas 400g\/m\u00b2 |\u00a0<em>Livr\u00e9 en tube<\/em><\/p>\n<p><strong>L\u2019original<\/strong>\u00a0(29,7\u00d742 cm) \u2014 Papier bristol 250g\/m\u00b2 |\u00a0<em>Livr\u00e9 \u00e0 plat avec un certificat d\u2019authenticit\u00e9<\/em><\/p>\n<h3 data-path-to-node=\"19,0,0\">S\u00e9lectionnez votre format ci-dessous :<\/h3>\n","protected":false},"featured_media":7922,"comment_status":"open","ping_status":"closed","template":"","meta":{"content-type":""},"product_brand":[124],"product_cat":[245,238],"product_tag":[269,240,256,268,267,253],"class_list":{"0":"post-7921","1":"product","2":"type-product","3":"status-publish","4":"has-post-thumbnail","6":"product_brand-claude-maillot","7":"product_cat-boutique-reproduction-dart","8":"product_cat-serie-la-reunion","9":"product_tag-decoration-epuree","10":"product_tag-encre-de-chine","11":"product_tag-noir-et-blanc","12":"product_tag-oiseau-marin","13":"product_tag-paille-en-queue","14":"product_tag-pointillisme","15":"latest_post","17":"first","18":"instock","19":"shipping-taxable","20":"purchasable","21":"product-type-variable"},"yoast_head":"<!-- This site is optimized with the Yoast SEO plugin v27.3 - https:\/\/yoast.com\/product\/yoast-seo-wordpress\/ -->\n<title>Le Paille-en-queue : Dessin \u00e0 l&#039;encre de chine \u2013 Claude Maillot<\/title>\n<meta name=\"description\" content=\"Capturez l&#039;embl\u00e8me de La R\u00e9union avec cette illustration d\u00e9licate d&#039;un Paille-en-queue en plein vol. Un dessin \u00e0 l&#039;encre de chine r\u00e9alis\u00e9 avec pr\u00e9cision.\" \/>\n<meta name=\"robots\" content=\"index, follow, max-snippet:-1, max-image-preview:large, max-video-preview:-1\" \/>\n<link rel=\"canonical\" href=\"https:\/\/claudemaillot.com\/index.php\/product\/illustration-paille-en-queue-reunion-pointillisme\/\" \/>\n<meta property=\"og:locale\" content=\"fr_FR\" \/>\n<meta property=\"og:type\" content=\"article\" \/>\n<meta property=\"og:title\" content=\"Le Paille-en-queue : Dessin \u00e0 l&#039;encre de chine \u2013 Claude Maillot\" \/>\n<meta property=\"og:description\" content=\"Capturez l&#039;embl\u00e8me de La R\u00e9union avec cette illustration d\u00e9licate d&#039;un Paille-en-queue en plein vol. Un dessin \u00e0 l&#039;encre de chine r\u00e9alis\u00e9 avec pr\u00e9cision.\" \/>\n<meta property=\"og:url\" content=\"https:\/\/claudemaillot.com\/index.php\/product\/illustration-paille-en-queue-reunion-pointillisme\/\" \/>\n<meta property=\"og:site_name\" content=\"Claude Maillot\" \/>\n<meta property=\"article:publisher\" content=\"https:\/\/www.facebook.com\/claude.maillot.58?locale=fr_FR\" \/>\n<meta property=\"article:modified_time\" content=\"2026-04-05T16:44:38+00:00\" \/>\n<meta property=\"og:image\" content=\"https:\/\/claudemaillot.com\/wp-content\/uploads\/2026\/04\/Paille-en-queue.jpg\" \/>\n\t<meta property=\"og:image:width\" content=\"1200\" \/>\n\t<meta property=\"og:image:height\" content=\"1200\" \/>\n\t<meta property=\"og:image:type\" content=\"image\/jpeg\" \/>\n<meta name=\"twitter:card\" content=\"summary_large_image\" \/>\n<meta name=\"twitter:label1\" content=\"Dur\u00e9e de lecture estim\u00e9e\" \/>\n\t<meta name=\"twitter:data1\" content=\"1 minute\" \/>\n<script type=\"application\/ld+json\" class=\"yoast-schema-graph\">{\"@context\":\"https:\\\/\\\/schema.org\",\"@graph\":[{\"@type\":\"WebPage\",\"@id\":\"https:\\\/\\\/claudemaillot.com\\\/index.php\\\/product\\\/illustration-paille-en-queue-reunion-pointillisme\\\/\",\"url\":\"https:\\\/\\\/claudemaillot.com\\\/index.php\\\/product\\\/illustration-paille-en-queue-reunion-pointillisme\\\/\",\"name\":\"Le Paille-en-queue : Dessin \u00e0 l'encre de chine \u2013 Claude Maillot\",\"isPartOf\":{\"@id\":\"https:\\\/\\\/claudemaillot.com\\\/#website\"},\"primaryImageOfPage\":{\"@id\":\"https:\\\/\\\/claudemaillot.com\\\/index.php\\\/product\\\/illustration-paille-en-queue-reunion-pointillisme\\\/#primaryimage\"},\"image\":{\"@id\":\"https:\\\/\\\/claudemaillot.com\\\/index.php\\\/product\\\/illustration-paille-en-queue-reunion-pointillisme\\\/#primaryimage\"},\"thumbnailUrl\":\"https:\\\/\\\/claudemaillot.com\\\/wp-content\\\/uploads\\\/2026\\\/04\\\/Paille-en-queue.jpg\",\"datePublished\":\"2026-04-05T15:17:58+00:00\",\"dateModified\":\"2026-04-05T16:44:38+00:00\",\"description\":\"Capturez l'embl\u00e8me de La R\u00e9union avec cette illustration d\u00e9licate d'un Paille-en-queue en plein vol. Un dessin \u00e0 l'encre de chine r\u00e9alis\u00e9 avec pr\u00e9cision.\",\"breadcrumb\":{\"@id\":\"https:\\\/\\\/claudemaillot.com\\\/index.php\\\/product\\\/illustration-paille-en-queue-reunion-pointillisme\\\/#breadcrumb\"},\"inLanguage\":\"fr-FR\",\"potentialAction\":[{\"@type\":\"ReadAction\",\"target\":[\"https:\\\/\\\/claudemaillot.com\\\/index.php\\\/product\\\/illustration-paille-en-queue-reunion-pointillisme\\\/\"]}]},{\"@type\":\"ImageObject\",\"inLanguage\":\"fr-FR\",\"@id\":\"https:\\\/\\\/claudemaillot.com\\\/index.php\\\/product\\\/illustration-paille-en-queue-reunion-pointillisme\\\/#primaryimage\",\"url\":\"https:\\\/\\\/claudemaillot.com\\\/wp-content\\\/uploads\\\/2026\\\/04\\\/Paille-en-queue.jpg\",\"contentUrl\":\"https:\\\/\\\/claudemaillot.com\\\/wp-content\\\/uploads\\\/2026\\\/04\\\/Paille-en-queue.jpg\",\"width\":1200,\"height\":1200,\"caption\":\"Illustration \u00e0 l'encre de chine d'un Paille-en-queue en vol, oiseau embl\u00e9matique de La R\u00e9union, r\u00e9alis\u00e9 en pointillisme, cadre bois clair.\"},{\"@type\":\"BreadcrumbList\",\"@id\":\"https:\\\/\\\/claudemaillot.com\\\/index.php\\\/product\\\/illustration-paille-en-queue-reunion-pointillisme\\\/#breadcrumb\",\"itemListElement\":[{\"@type\":\"ListItem\",\"position\":1,\"name\":\"Accueil\",\"item\":\"https:\\\/\\\/claudemaillot.com\\\/\"},{\"@type\":\"ListItem\",\"position\":2,\"name\":\"Ma boutique\",\"item\":\"https:\\\/\\\/claudemaillot.com\\\/index.php\\\/ma-boutique-claude-maillot\\\/\"},{\"@type\":\"ListItem\",\"position\":3,\"name\":\"Le Paille-en-Queue &#8211; Illustration \u00e0 l&rsquo;encre de Chine\"}]},{\"@type\":\"WebSite\",\"@id\":\"https:\\\/\\\/claudemaillot.com\\\/#website\",\"url\":\"https:\\\/\\\/claudemaillot.com\\\/\",\"name\":\"Claude Maillot\",\"description\":\"Un trait tout simplement avec passion et patience\",\"publisher\":{\"@id\":\"https:\\\/\\\/claudemaillot.com\\\/#\\\/schema\\\/person\\\/4b127cb441d7503c9c8126de84eeece1\"},\"potentialAction\":[{\"@type\":\"SearchAction\",\"target\":{\"@type\":\"EntryPoint\",\"urlTemplate\":\"https:\\\/\\\/claudemaillot.com\\\/?s={search_term_string}\"},\"query-input\":{\"@type\":\"PropertyValueSpecification\",\"valueRequired\":true,\"valueName\":\"search_term_string\"}}],\"inLanguage\":\"fr-FR\"},{\"@type\":[\"Person\",\"Organization\"],\"@id\":\"https:\\\/\\\/claudemaillot.com\\\/#\\\/schema\\\/person\\\/4b127cb441d7503c9c8126de84eeece1\",\"name\":\"Claude Maillot\",\"image\":{\"@type\":\"ImageObject\",\"inLanguage\":\"fr-FR\",\"@id\":\"http:\\\/\\\/claudemaillot.com\\\/wp-content\\\/uploads\\\/2025\\\/06\\\/Logo-CM.png\",\"url\":\"http:\\\/\\\/claudemaillot.com\\\/wp-content\\\/uploads\\\/2025\\\/06\\\/Logo-CM.png\",\"contentUrl\":\"http:\\\/\\\/claudemaillot.com\\\/wp-content\\\/uploads\\\/2025\\\/06\\\/Logo-CM.png\",\"width\":500,\"height\":500,\"caption\":\"Claude Maillot\"},\"logo\":{\"@id\":\"http:\\\/\\\/claudemaillot.com\\\/wp-content\\\/uploads\\\/2025\\\/06\\\/Logo-CM.png\"},\"sameAs\":[\"https:\\\/\\\/claudemaillot.com\",\"https:\\\/\\\/www.facebook.com\\\/claude.maillot.58?locale=fr_FR\",\"https:\\\/\\\/www.instagram.com\\\/claude_maillot\\\/\",\"https:\\\/\\\/www.linkedin.com\\\/in\\\/claude-maillot\\\/\",\"https:\\\/\\\/fr.pinterest.com\\\/claudemaillot7\\\/\"]}]}<\/script>\n<!-- \/ Yoast SEO plugin. -->","yoast_head_json":{"title":"Le Paille-en-queue : Dessin \u00e0 l'encre de chine \u2013 Claude Maillot","description":"Capturez l'embl\u00e8me de La R\u00e9union avec cette illustration d\u00e9licate d'un Paille-en-queue en plein vol. Un dessin \u00e0 l'encre de chine r\u00e9alis\u00e9 avec pr\u00e9cision.","robots":{"index":"index","follow":"follow","max-snippet":"max-snippet:-1","max-image-preview":"max-image-preview:large","max-video-preview":"max-video-preview:-1"},"canonical":"https:\/\/claudemaillot.com\/index.php\/product\/illustration-paille-en-queue-reunion-pointillisme\/","og_locale":"fr_FR","og_type":"article","og_title":"Le Paille-en-queue : Dessin \u00e0 l'encre de chine \u2013 Claude Maillot","og_description":"Capturez l'embl\u00e8me de La R\u00e9union avec cette illustration d\u00e9licate d'un Paille-en-queue en plein vol. Un dessin \u00e0 l'encre de chine r\u00e9alis\u00e9 avec pr\u00e9cision.","og_url":"https:\/\/claudemaillot.com\/index.php\/product\/illustration-paille-en-queue-reunion-pointillisme\/","og_site_name":"Claude Maillot","article_publisher":"https:\/\/www.facebook.com\/claude.maillot.58?locale=fr_FR","article_modified_time":"2026-04-05T16:44:38+00:00","og_image":[{"width":1200,"height":1200,"url":"https:\/\/claudemaillot.com\/wp-content\/uploads\/2026\/04\/Paille-en-queue.jpg","type":"image\/jpeg"}],"twitter_card":"summary_large_image","twitter_misc":{"Dur\u00e9e de lecture estim\u00e9e":"1 minute"},"schema":{"@context":"https:\/\/schema.org","@graph":[{"@type":"WebPage","@id":"https:\/\/claudemaillot.com\/index.php\/product\/illustration-paille-en-queue-reunion-pointillisme\/","url":"https:\/\/claudemaillot.com\/index.php\/product\/illustration-paille-en-queue-reunion-pointillisme\/","name":"Le Paille-en-queue : Dessin \u00e0 l'encre de chine \u2013 Claude Maillot","isPartOf":{"@id":"https:\/\/claudemaillot.com\/#website"},"primaryImageOfPage":{"@id":"https:\/\/claudemaillot.com\/index.php\/product\/illustration-paille-en-queue-reunion-pointillisme\/#primaryimage"},"image":{"@id":"https:\/\/claudemaillot.com\/index.php\/product\/illustration-paille-en-queue-reunion-pointillisme\/#primaryimage"},"thumbnailUrl":"https:\/\/claudemaillot.com\/wp-content\/uploads\/2026\/04\/Paille-en-queue.jpg","datePublished":"2026-04-05T15:17:58+00:00","dateModified":"2026-04-05T16:44:38+00:00","description":"Capturez l'embl\u00e8me de La R\u00e9union avec cette illustration d\u00e9licate d'un Paille-en-queue en plein vol. Un dessin \u00e0 l'encre de chine r\u00e9alis\u00e9 avec pr\u00e9cision.","breadcrumb":{"@id":"https:\/\/claudemaillot.com\/index.php\/product\/illustration-paille-en-queue-reunion-pointillisme\/#breadcrumb"},"inLanguage":"fr-FR","potentialAction":[{"@type":"ReadAction","target":["https:\/\/claudemaillot.com\/index.php\/product\/illustration-paille-en-queue-reunion-pointillisme\/"]}]},{"@type":"ImageObject","inLanguage":"fr-FR","@id":"https:\/\/claudemaillot.com\/index.php\/product\/illustration-paille-en-queue-reunion-pointillisme\/#primaryimage","url":"https:\/\/claudemaillot.com\/wp-content\/uploads\/2026\/04\/Paille-en-queue.jpg","contentUrl":"https:\/\/claudemaillot.com\/wp-content\/uploads\/2026\/04\/Paille-en-queue.jpg","width":1200,"height":1200,"caption":"Illustration \u00e0 l'encre de chine d'un Paille-en-queue en vol, oiseau embl\u00e9matique de La R\u00e9union, r\u00e9alis\u00e9 en pointillisme, cadre bois clair."},{"@type":"BreadcrumbList","@id":"https:\/\/claudemaillot.com\/index.php\/product\/illustration-paille-en-queue-reunion-pointillisme\/#breadcrumb","itemListElement":[{"@type":"ListItem","position":1,"name":"Accueil","item":"https:\/\/claudemaillot.com\/"},{"@type":"ListItem","position":2,"name":"Ma boutique","item":"https:\/\/claudemaillot.com\/index.php\/ma-boutique-claude-maillot\/"},{"@type":"ListItem","position":3,"name":"Le Paille-en-Queue &#8211; Illustration \u00e0 l&rsquo;encre de Chine"}]},{"@type":"WebSite","@id":"https:\/\/claudemaillot.com\/#website","url":"https:\/\/claudemaillot.com\/","name":"Claude Maillot","description":"Un trait tout simplement avec passion et patience","publisher":{"@id":"https:\/\/claudemaillot.com\/#\/schema\/person\/4b127cb441d7503c9c8126de84eeece1"},"potentialAction":[{"@type":"SearchAction","target":{"@type":"EntryPoint","urlTemplate":"https:\/\/claudemaillot.com\/?s={search_term_string}"},"query-input":{"@type":"PropertyValueSpecification","valueRequired":true,"valueName":"search_term_string"}}],"inLanguage":"fr-FR"},{"@type":["Person","Organization"],"@id":"https:\/\/claudemaillot.com\/#\/schema\/person\/4b127cb441d7503c9c8126de84eeece1","name":"Claude Maillot","image":{"@type":"ImageObject","inLanguage":"fr-FR","@id":"http:\/\/claudemaillot.com\/wp-content\/uploads\/2025\/06\/Logo-CM.png","url":"http:\/\/claudemaillot.com\/wp-content\/uploads\/2025\/06\/Logo-CM.png","contentUrl":"http:\/\/claudemaillot.com\/wp-content\/uploads\/2025\/06\/Logo-CM.png","width":500,"height":500,"caption":"Claude Maillot"},"logo":{"@id":"http:\/\/claudemaillot.com\/wp-content\/uploads\/2025\/06\/Logo-CM.png"},"sameAs":["https:\/\/claudemaillot.com","https:\/\/www.facebook.com\/claude.maillot.58?locale=fr_FR","https:\/\/www.instagram.com\/claude_maillot\/","https:\/\/www.linkedin.com\/in\/claude-maillot\/","https:\/\/fr.pinterest.com\/claudemaillot7\/"]}]}},"_links":{"self":[{"href":"https:\/\/claudemaillot.com\/index.php\/wp-json\/wp\/v2\/product\/7921","targetHints":{"allow":["GET"]}}],"collection":[{"href":"https:\/\/claudemaillot.com\/index.php\/wp-json\/wp\/v2\/product"}],"about":[{"href":"https:\/\/claudemaillot.com\/index.php\/wp-json\/wp\/v2\/types\/product"}],"replies":[{"embeddable":true,"href":"https:\/\/claudemaillot.com\/index.php\/wp-json\/wp\/v2\/comments?post=7921"}],"wp:featuredmedia":[{"embeddable":true,"href":"https:\/\/claudemaillot.com\/index.php\/wp-json\/wp\/v2\/media\/7922"}],"wp:attachment":[{"href":"https:\/\/claudemaillot.com\/index.php\/wp-json\/wp\/v2\/media?parent=7921"}],"wp:term":[{"taxonomy":"product_brand","embeddable":true,"href":"https:\/\/claudemaillot.com\/index.php\/wp-json\/wp\/v2\/product_brand?post=7921"},{"taxonomy":"product_cat","embeddable":true,"href":"https:\/\/claudemaillot.com\/index.php\/wp-json\/wp\/v2\/product_cat?post=7921"},{"taxonomy":"product_tag","embeddable":true,"href":"https:\/\/claudemaillot.com\/index.php\/wp-json\/wp\/v2\/product_tag?post=7921"}],"curies":[{"name":"wp","href":"https:\/\/api.w.org\/{rel}","templated":true}]}}